{"id":100,"date":"2024-03-04T21:28:27","date_gmt":"2024-03-04T21:28:27","guid":{"rendered":"http:\/\/localhost\/amca\/?page_id=100"},"modified":"2024-06-14T12:02:48","modified_gmt":"2024-06-14T18:02:48","slug":"objetivos","status":"publish","type":"page","link":"https:\/\/amca-ac.org\/?page_id=100","title":{"rendered":"Objetivos"},"content":{"rendered":"<div data-colibri-id=\"100-c1\" class=\"style-671 style-local-100-c1 position-relative\">\n  <!---->\n  <div data-colibri-component=\"section\" data-colibri-id=\"100-c2\" id=\"custom\" class=\"h-section h-section-global-spacing d-flex align-items-lg-center align-items-md-center align-items-center style-672 style-local-100-c2 position-relative\">\n    <!---->\n    <!---->\n    <div class=\"h-section-grid-container h-section-boxed-container\">\n      <!---->\n      <div data-colibri-id=\"100-c3\" class=\"h-row-container gutters-row-lg-2 gutters-row-md-2 gutters-row-0 gutters-row-v-lg-2 gutters-row-v-md-2 gutters-row-v-2 style-675 style-local-100-c3 position-relative\">\n        <!---->\n        <div class=\"h-row justify-content-lg-center justify-content-md-center justify-content-center align-items-lg-stretch align-items-md-stretch align-items-stretch gutters-col-lg-2 gutters-col-md-2 gutters-col-0 gutters-col-v-lg-2 gutters-col-v-md-2 gutters-col-v-2\">\n          <!---->\n          <div class=\"h-column h-column-container d-flex h-col-lg-auto h-col-md-auto h-col-auto style-676-outer style-local-100-c4-outer\">\n            <div data-colibri-id=\"100-c4\" class=\"d-flex h-flex-basis h-column__inner h-px-lg-2 h-px-md-2 h-px-2 v-inner-lg-2 v-inner-md-2 v-inner-2 style-676 style-local-100-c4 position-relative\">\n              <!---->\n              <!---->\n              <div class=\"w-100 h-y-container h-column__content h-column__v-align flex-basis-100 align-self-lg-start align-self-md-start align-self-start\">\n                <!---->\n                <div data-colibri-id=\"100-c5\" data-aos=\"fadeIn\" class=\"h-text h-text-component style-677 style-local-100-c5 position-relative h-element\">\n                  <!---->\n                  <!---->\n                  <div class=\"\">\n                    <p><span style=\"font-family: &quot;Open Sans&quot;; font-weight: 600; font-size: 120%;\">Fundada el 29 de mayo de 2002, la Academia Mexicana de Ciencias Antropol\u00f3gicas A.C., se present\u00f3 a los cuerpos colegiados de M\u00e9xico, a las autoridades, y al pueblo en general, el 22 de enero de 2023, con el objeto de:<\/span><\/p>\n                    <p><span style=\"font-family: &quot;Open Sans&quot;; font-weight: 600; font-size: 120%;\">a) Agrupar a investigadores distinguidos de M\u00e9xico en las distintas \u00e1reas de las Ciencias Antropol\u00f3gicas y promover el reconocimiento p\u00fablico de su labor.<\/span><\/p>\n                    <p><span style=\"font-family: &quot;Open Sans&quot;; font-weight: 600; font-size: 120%;\">b) Promover la investigaci\u00f3n cient\u00edfica en todos los campos de la antropolog\u00eda en M\u00e9xico.<\/span><\/p>\n                    <p><span style=\"font-family: &quot;Open Sans&quot;; font-weight: 600; font-size: 120%;\">c) Promover las Ciencias Antropol\u00f3gicas y su ense\u00f1anza en M\u00e9xico.<\/span><\/p>\n                    <p><span style=\"font-family: &quot;Open Sans&quot;; font-weight: 600; font-size: 120%;\">d) Difundir las Ciencias Antropol\u00f3gicas en M\u00e9xico y en el extranjero.<\/span><\/p>\n                    <p><span style=\"font-family: &quot;Open Sans&quot;; font-weight: 600; font-size: 120%;\">e) Pugnar por que la investigaci\u00f3n cient\u00edfica antropol\u00f3gica en M\u00e9xico se realice con el m\u00e1ximo de calidad, seriedad y honradez.<\/span><\/p>\n                    <p><span style=\"font-family: &quot;Open Sans&quot;; font-weight: 600; font-size: 120%;\">f) Fomentar la comunicaci\u00f3n entre la comunidad cient\u00edfica antropol\u00f3gica y los \u00f3rganos del Estado responsables de la educaci\u00f3n, la ciencia y la cultura.<\/span><\/p>\n                    <p><span style=\"font-family: &quot;Open Sans&quot;; font-weight: 600; font-size: 120%;\">g) Fomentar la comunicaci\u00f3n con universidades, instituciones antropol\u00f3gicas y colegas de todo el mundo.<\/span><\/p>\n                    <p><span style=\"font-family: &quot;Open Sans&quot;; font-weight: 600; font-size: 120%;\">h) Promover la utilizaci\u00f3n de los conocimientos generados por los diferentes campos antropol\u00f3gicos en la soluci\u00f3n de problemas sociales.<\/span><\/p>\n                    <p><span style=\"font-family: &quot;Open Sans&quot;; font-weight: 600; font-size: 120%;\">i) Pugnar por el mejor aprovechamiento de la labor de los investigadores antropol\u00f3gicos para el bien de M\u00e9xico.<\/span><\/p>\n                    <p><span style=\"font-family: &quot;Open Sans&quot;; font-weight: 600; font-size: 120%;\">j) Organizar congresos, simposios y reuniones con temas relacionados con el quehacer cient\u00edfico antropol\u00f3gico.<\/span><\/p>\n                    <p><span style=\"font-family: &quot;Open Sans&quot;; font-weight: 600; font-size: 120%;\">k) Promover, dirigir y administrar de acuerdo con convenios espec\u00edficos en su caso, el intercambio de investigadores con organizaciones hom\u00f3logas de otros pa\u00edses.<\/span><\/p>\n                  <\/div>\n                <\/div>\n              <\/div>\n            <\/div>\n          <\/div>\n        <\/div>\n      <\/div>\n    <\/div>\n  <\/div>\n<\/div>","protected":false},"excerpt":{"rendered":"<p>Fundada el 29 de mayo de 2002, la Academia Mexicana de Ciencias Antropol\u00f3gicas A.C., se present\u00f3 a los cuerpos colegiados de M\u00e9xico, a las autoridades, y al pueblo en general, el 22 de enero de 2023, con el objeto de: a) Agrupar a investigadores distinguidos de M\u00e9xico en las distintas \u00e1reas de las Ciencias Antropol\u00f3gicas [&hellip;]<\/p>\n","protected":false},"author":1,"featured_media":0,"parent":0,"menu_order":0,"comment_status":"closed","ping_status":"closed","template":"page-templates\/full-width-page.php","meta":{"footnotes":""},"class_list":["post-100","page","type-page","status-publish","hentry"],"_links":{"self":[{"href":"https:\/\/amca-ac.org\/index.php?rest_route=\/wp\/v2\/pages\/100","targetHints":{"allow":["GET"]}}],"collection":[{"href":"https:\/\/amca-ac.org\/index.php?rest_route=\/wp\/v2\/pages"}],"about":[{"href":"https:\/\/amca-ac.org\/index.php?rest_route=\/wp\/v2\/types\/page"}],"author":[{"embeddable":true,"href":"https:\/\/amca-ac.org\/index.php?rest_route=\/wp\/v2\/users\/1"}],"replies":[{"embeddable":true,"href":"https:\/\/amca-ac.org\/index.php?rest_route=%2Fwp%2Fv2%2Fcomments&post=100"}],"version-history":[{"count":6,"href":"https:\/\/amca-ac.org\/index.php?rest_route=\/wp\/v2\/pages\/100\/revisions"}],"predecessor-version":[{"id":1990,"href":"https:\/\/amca-ac.org\/index.php?rest_route=\/wp\/v2\/pages\/100\/revisions\/1990"}],"wp:attachment":[{"href":"https:\/\/amca-ac.org\/index.php?rest_route=%2Fwp%2Fv2%2Fmedia&parent=100"}],"curies":[{"name":"wp","href":"https:\/\/api.w.org\/{rel}","templated":true}]}}